base 16) in base 12?
-46181
Convert -1bc7c6 (base 13) to base 14.
-147c8d
-12214040 (base 5) to base 7
-664303
Convert 479589 (base 10) to base 4.
1311011211
1332011221 (base 4) to base 5
113011312
-4106614 (base 7) to base 4
-1313210212
-4a661 (base 13) to base 14
-38079
780578 (base 10) to base 3
1110122202022
Convert 1b811 (base 16) to base 6.
2225321
What is -36272 (base 11) in base 4?
-30300012
What is 1021034 (base 6) in base 4?
30011032
What is 40d8b (base 16) in base 4?
1000312023
Convert -2011130331 (base 4) to base 12.
-2243b9
What is -17a07a (base 14) in base 10?
-834284
-112122021101101 (base 3) to base 10
-7780168
What is -991905 (base 13) in base 9?
-6700516
Convert -1021131001 (base 4) to base 13.
-a6c36
1012310 (base 4) to base 6
32552
What is -58bd4 (base 16) in base 2?
-1011000101111010100
Convert 1033312222 (base 4) to base 6.
11002134
-13012204 (base 5) to base 7
-1033066
-1051b (base 14) to base 10
-39421
What is -1a42b8 (base 15) in base 6?
-43232432
-104512 (base 9) to base 8
-171655
What is 84930 (base 10) in base 12?
41196
Convert 303221305 (base 6) to base 16.
4f4de9
Convert 13210350 (base 6) to base 14.
b5306
What is 3104423 (base 9) in base 4?
12110130321
Convert 210220201101 (base 3) to base 14.
b32b8
What is 4675834 (base 12) in base 10?
13591912
What is 125561 (base 7) in base 16?
5c3c
Convert 162b96 (base 13) to base 16.
860ab
What is 111121112 (base 4) in base 16?
15656
What is -56173 (base 11) in base 9?
-133575
164814a (base 11) to base 12
b3469a
What is -100001101011011110111 (base 2) in base 4?
-10031123313
-3707153 (base 8) to base 9
-1823436
Convert -1106415 (base 7) to base 13.
-4a301
-110133020232 (base 4) to base 8
-24371056
a15a5 (base 14) to base 13
107805
What is a95ca (base 14) in base 9?
684381
Convert 31330323201 (base 4) to base 10.
3657441
What is -889a8 (base 14) in base 11?
-206914
Convert -404430 (base 6) to base 16.
-7d82
Convert 1350b3 (base 12) to base 10.
319815
Convert 1d383 (base 14) to base 8.
222047
3ccba (base 15) to base 2
101111101010110010
What is 280494 (base 10) in base 8?
1043656
410430221 (base 5) to base 4
12110010111
1aa81 (base 12) to base 3
2000020221
-2020201211 (base 3) to base 12
-21757
-8651150 (base 9) to base 4
-101230223322
Convert -7a77a5 (base 16) to base 3.
-120002202122001
Convert -100000120100021 (base 3) to base 7.
-55515061
What is 79130 (base 13) in base 2?
110101101100000100
What is 1001111000011011 (base 2) in base 16?
9e1b
125474 (base 9) to base 3
10212112111
What is -100110011101011 (base 2) in base 14?
-7267
-2022221020 (base 4) to base 6
-20101024
What is -4922496 (base 10) in base 12?
-1794800
3a210 (base 12) to base 16
137ac
What is -132220324 (base 5) in base 2?
-10100010000100011111
-200032311303 (base 4) to base 8
-40166563
-641795 (base 10) to base 3
-1012121101012
-2200021121012 (base 3) to base 12
-5873b8
-abb078 (base 15) to base 5
-4044002423
Convert 110111101001111110 (base 2) to base 8.
675176
Convert -110101101001100 (base 2) to base 4.
-12231030
-1220201222022 (base 3) to base 9
-1821868
Convert -a1325 (base 12) to base 2.
-110011001010001101
Convert -33722 (base 9) to base 16.
-57b9
-2a82b8 (base 12) to base 10
-719276
What is 314444312 (base 5) in base 7?
14200650
What is 2366035 (base 7) in base 12?
126a81
17930 (base 13) to base 2
1011000110111100
Convert -2032304020 (base 5) to base 7.
-50354502
Convert -941550 (base 10) to base 3.
-1202211120020
What is 416ba0 (base 12) in base 8?
3730050
What is 3256553 (base 8) in base 4?
3111311223
-46120601 (base 7) to base 13
-aaa884
-1003313210 (base 4) to base 15
-57578
-1061020 (base 8) to base 16
-46210
Convert -1434413 (base 8) to base 11.
-259445
What is -4b6401 (base 13) in base 14?
-352b06
Convert 69d7 (base 14) to base 2.
100011111110001
-7b491 (base 12) to base 2
-101000001111101101
-15233124 (base 6) to base 11
-33479a
What is -819681 (base 10) in base 4?
-3020013201
Convert -205a04 (base 11) to base 16.
-508f3
What is 568057 (base 9) in base 5?
41343440
-9b86e2 (base 16) to base 6
-1002244002
What is -f928 (base 16) in base 2?
-1111100100101000
Convert 3cb3c (base 16) to base 5.
30424021
-1a4328 (base 13) to base 15
-d2607
What is 110001011110101010011 (base 2) in base 15?
2205db
Convert 112334124 (base 6) to base 4.
13330003210
234242 (base 7) to base 15
c812
Convert 15310d (base 14) to base 15.
e8b80
-25eb3 (base 15) to base 9
-204526
489988 (base 11) to base 12
314254
Convert -3133323201 (base 4) to base 13.
-261642
105072 (base 13) to base 2
1011101010110100011
What is 53b561 (base 13) in base 4?
13200102013
What is 41113033 (base 5) in base 4?
1101013230
What is 11000000010111 (base 2) in base 3?
121212222
What is -101020002101 (base 3) in base 14?
-534c4
4251541 (base 8) to base 10
1135457
Convert 5101541 (base 7) to base 9.
1122735
Convert 6c290d (base 15) to base 2.
10011101110110100111010
What is 44315245 (base 6) in base 11?
82a977
-245558 (base 12) to base 6
-20351352
2cdde (base 15) to base 2
100011010111110100
-11110100101001001011101 (base 2) to base 12
-28271b9
What is -31664 (base 8) in base 13?
-6042
What is -3310a (base 12) in base 4?
-100133122
What is -2385435 (base 12) in base 9?
-13866225
47a914 (base 14) to base 6
124255542
76655 (base 8) to base 9
48117
-155bdc (base 14) to base 2
-10110110000111110110
What is -26129 (base 11) in base 3?
-1220022221
Convert 3a9a47 (base 11) to base 3.
1012122202112
30549 (base 16) to base 13
6c14a
378bb8 (base 12) to base 3
1201002102212
What is -100010111001001110100 (base 2) in base 4?
-10113021310
Convert -45177 (base 9) to base 15.
-8d7a
-17a59 (base 13) to base 16
-b288
-1127516 (base 8) to base 12
-129812
What is -234413331 (base 5) in base 6?
-35222124
Convert -35435215 (base 7) to base 8.
-13753232
What is 34e9c (base 16) in base 13?
77859
What is -1000001111111100010011 (base 2) in base 9?
-4055283
8c2b9 (base 14) to base 12
14528b
What is 200121101012 (base 3) in base 6?
11503305
Convert -15088d (base 14) to base 10.
-731597
-55006010 (base 7) to base 4
-101331122321
Convert 43124432 (base 5) to base 11.
229833
Convert 125435 (base 7) to base 16.
5bfa
-3032331101 (base 4) to base 9
-1531735
146246 (base 8) to base 2
1100110010100110
What is -120223444 (base 5) in base 11?
-349981
Convert -2023101032 (base 4) to base 15.
-b404b
What is -101000001001101110110001 (base 2) in base 16?
-a09bb1
What is -1111110210021 (base 3) in base 16?
-c27e2
Convert 271110 (base 9) to base 6.
3311100
765a75 (base 12) to base 11
1071857
-1112314 (base 6) to base 13
-1c801
Convert 9206b (base 14) to base 13.
c3bb2
What is 501404 (base 7) in base 15?
1a0d8
What is -12836230 (base 9) in base 15?
-8543c9
Convert 156411 (base 7) to base 15.
9319
Convert -4017d (base 16) to base 12.
-107b11
What is 639138 (base 12) in base 14?
2cc700
What is 21b46 (base 13) in base 5?
3424421
Convert 110223040 (base 5) to base 8.
1642745
207380 (base 10) to base 3
101112110202
-202011220 (base 3) to base 2
-11100101111000
-169500 (base 15) to base 13
-2c430c
Convert 65830 (base 14) to base 6.
5134030
6371 (base 13) to base 16
35d5
-4045810 (base 9) to base 4
-20032130112
Convert 111c35 (base 14) to base 13.
17481a
Convert 1120012211212 (base 3) to base 15.
116318
What is 220112 (base 6) in base 10?
18188
Convert 1268891 (base 12) to base 15.
4b87d4
Convert -121110202121 (base 3) to base 11.
-201667
-31112013 (base 4) to base 7
-315240
What is -152061353 (base 7) in base 15?
-d52468
Convert 5243532 (base 6) to base 2.
111110001110010000
Convert -7828048 (base 9) to base 5.
-2034231402
Convert -12010122021 (base 3) to base 12.
-4a5a4
-3502362 (base 8) to base 13
-274153
Convert 1b711 (base 14) to base 16.
11163
What is -9bf8f9 (base 16) in base 5?
-10104044232
Convert -5193b (base 13) to base 3.
-21110001122
Convert 4d19bd (base 15) to base 4.
32013213103
-2435511 (base 10) to base 12
-995533
What is 2348873 (base 10) in base 11?
136481a
Convert -65bbb3 (base 12) to base 10.
-1617399
What is -3108312 (base 12) in base 14?
-132062a
Convert -1579c0 (base 13) to base 10.
-531154
What is 21002222122 (base 3) in base 13?
4b920
What is 4535030 (base 7) in base 2?
10001001100101110010
Convert -10021113233 (base 4) to base 8.
-4112757
3407ca (base 15) to base 4
